68
Let d(o) = o - 4. Let q be d(4). Suppose q = 6*z - 2*z - 48. Suppose 3*g = -6, -5 = -5*y - 5*g + 5. What is the remainder when z is divided by y?
0
Suppose -27 + 7 = -5*t. Suppose -5*u = -3*x - 38, -t*x = x - 20. Calculate the remainder when u is divided by 4/14 - (-52)/14.
2
Let i(h) = -5*h + 6*h - h + 1 + 60*h**2. Let a be i(1). Let p = 123 - a. Calculate the remainder when p is divided by 16.
14
Let o(g) = -g**3 - 8*g**2 - 13*g + 32. What is the remainder when o(-8) is divided by 41?
13
Let x(k) = k**2 - 2*k - 6. Let p be x(-6). Let b = p + -17. Calculate the remainder when b is divided by 7.
4
Suppose 5*m + 3*k = 17, 8*m + 4*k = 3*m + 16. What is the remainder when m is divided by (-6)/(-75) - 96/(-50)?
0
Suppose 44*r + 11 = 583. What is the remainder when 55 is divided by r?
3
Let r = -25 - -51. Let o be 64 - (0 + -3)/1. Let q = 118 - o. What is the remainder when q is divided by r?
25
Suppose -84*x - 136 = -82*x. What is the remainder when x/(-119) - (-129)/7 is divided by 5?
4
Let x(q) = -q**2 + 6*q + 4. Let r be x(6). Let v(m) = -2*m + 3*m + r - 1 + 9*m. Calculate the remainder when 67 is divided by v(2).
21
Suppose 3*t + 43 = a, 16 = 5*a + 3*t - 109. Suppose 0 = -15*o + 6*o + 963. What is the remainder when o is divided by a?
23
Let c(k) = -8*k - 3*k + 6*k**2 - 5 - 2 - 7*k**2. Calculate the remainder when 41 is divided by c(-9).
8
Suppose 0 = 5*m + 4*n - 6*n + 64, 34 = -2*m - 2*n. Let b = m - -34. What is the remainder when b is divided by 7?
6
Let i(p) = -4*p + 28. Let d be i(7). Suppose 5*x + 3*m - 533 = d, 10*m - 11*m = -1. Calculate the remainder when x is divided by 27.
25
Let j = -49 - -58. Let b = j - -12. Calculate the remainder when b is divided by 4.
1
Suppose -53*n = -60*n + 77. What is the remainder when 371 is divided by n?
8
Let f be 1/(-3)*(0 - 12). Let v be (f/3)/(2/6). Suppose v*g = 53 + 39. Calculate the remainder when 43 is divided by g.
20
Let b = -293 + 417. What is the remainder when b is divided by 55?
14
Let i = 183 + -138. Suppose -39 - 7 = -2*b. Calculate the remainder when i is divided by b.
22
Let x = -1146 + 2014. What is the remainder when x/10 + (-1)/(-10)*2 is divided by 15?
12
Let v = 493 + -197. Calculate the remainder when v is divided by 9.
8
Suppose 2*r + 5*o - 32 = 0, -4*r + 2*o - 5 = -45. Let a(g) = 4*g**3 + 3*g - 2. Let u be a(1). What is the remainder when r is divided by u/(5/4) - -3?
4
Suppose 0 = 5*g + 3*c - 57, -2*g + 0*c = -4*c - 2. Let q = -981 + 999. Calculate the remainder when q is divided by g.
0
Let f be -1 + (1 - 3) - (-1 - 44). Suppose -3*k = -f - 0. What is the remainder when 35 is divided by k?
7
Let i = -362 + 430. Calculate the remainder when i is divided by 18.
14
Let c(k) = 8*k - k**2 - 2*k + 0*k + 7. What is the remainder when c(6) is divided by 3?
1
Suppose -3*g = -3*o + 213, -346 = -5*o - 5*g + g. Calculate the remainder when o is divided by 60.
10
Suppose 3*y = -18*a + 19*a + 148, 0 = -5*y - 2*a + 254. Calculate the remainder when 1047 is divided by y.
47
Calculate the remainder when 117 is divided by (-22 + 20)/(94/(-30) + 3).
12
Let f = 16 - 14. Let x(m) = -6*m**2 + 2*m**2 + 2*m**2 + 11*m + m**2 + 1. What is the remainder when f is divided by x(11)?
0
Let b be 0/(-1) - 10 - -4. What is the remainder when (60/65)/b - (-888)/26 is divided by 9?
7
Suppose -177*u = -178*u + 9. What is the remainder when 163 is divided by u?
1
Let w = 10 - 44. Let z = w + 37. Calculate the remainder when 212*(25/(-10) + z) is divided by 27.
25
Let x(o) = 110*o**2 + 3*o - 1. Suppose 0 = -p - 4*p + 135. What is the remainder when x(-1) is divided by p?
25
Let d(z) = -z + 10. Let f be d(0). Let n = -11 + f. What is the remainder when 0 - -1 - (-36 + n) is divided by 10?
8
Let f = 1412 - 1356. What is the remainder when 285 is divided by f?
5
Let m = -111 + 159. Let n(k) = -30*k - 170. What is the remainder when m is divided by n(-6)?
8
Let g(f) = f**3 - 34*f**2 - 111*f + 9. What is the remainder when 119 is divided by g(37)?
2
Let q(m) = m**3 + 8*m**2 - 29*m - 63. What is the remainder when 2130 is divided by q(-10)?
24
Let y = 9 + -27. Calculate the remainder when (-204)/y*(-9)/(-6) is divided by 5.
2
Let t(l) = -7*l**3 + l**2 + 2*l + 1. Calculate the remainder when 13 is divided by t(-1).
6
Suppose -28 = -0*j - j. Let g(a) = -4*a + 6. Let w(p) = 7*p - 12. Let t(c) = -5*g(c) - 3*w(c). What is the remainder when j is divided by t(-10)?
12
Let o = 75 + -61. Suppose -t - 563 = -5*m, -o + 4 = -5*t. Calculate the remainder when m is divided by 39.
35
Let g(p) = -4*p**3 - 6*p**2 + 5*p + 5. Let m(w) = -9*w**3 - 13*w**2 + 9*w + 9. Let q(h) = 5*g(h) - 2*m(h). Calculate the remainder when q(-4) is divided by 11.
10
Suppose -2*m + 2*z + 16 = 0, -4*z = 2*m - 2 - 2. Suppose 4*i + 5*t = 19, 7 = -2*i - 3*t + 6*t. What is the remainder when m is divided by i/(-3)*(-12 - 6)?
0
Let u be 11*(1 + -2) + -1. Let k = 17 + u. Suppose 0 = 2*t + 4*q - 64, k*q = -5*t + 103 + 32. What is the remainder when 65 is divided by t?
21
Let l(h) = -2*h**2 - 29*h + 136. Suppose -4*s = -5*c, -c = 2*s + s. Let t = c - -3. Calculate the remainder when l(-18) is divided by t.
1
Let j = -105 - -113. Let x(i) be the third derivative of i**6/120 - 2*i**5/15 + i**4/24 + 2*i**3/3 + 2*i**2. Calculate the remainder when x(j) is divided by 5.
2
Suppose h - 4*o - 39 = 80, -95 = -h - 2*o. What is the remainder when h is divided by 18?
13
Let c(a) = 2*a - 13. Let u be c(9). Suppose 5*l - u*z - 60 = 20, l + 4*z = -4. Calculate the remainder when 57 is divided by l.
9
Let m(x) = 2*x**3 + 3*x + 11. What is the remainder when m(4) is divided by 37?
3
Calculate the remainder when (-614)/(-9) + (-40)/180 is divided by 20.
8
What is the remainder when 14640/25 - (-6)/(-10) is divided by 49?
46
Let j = -26 + 49. Suppose w = -s + 3*w + j, -3*w = 9. What is the remainder when 32 is divided by s*(1 + (2 - 2))?
15
Calculate the remainder when 587 is divided by (-5)/(-50) - 5945/(-50).
111
Let o = 15 + -10. Let j = 4 + 0. Suppose 2*g + 0*x = j*x, 5*x + 6 = 4*g. Calculate the remainder when o is divided by g.
1
Suppose -j - 4*r = 20, 3*r - 12 = -j - 28. What is the remainder when 5 + (j - -2) + 13 is divided by 4?
0
Let g = 125 - 64. Let b = -14 + 17. Suppose 65 = 2*o + h, 104 = b*o + 5*h - 4. Calculate the remainder when g is divided by o.
30
Suppose -p + 92 = 5*n + 14, 4*n - 80 = -p. Suppose 0 = v - 5*v + 2*u + p, 3*v = -u + 56. Calculate the remainder when 53 is divided by v.
13
Let w = -26 - -31. Suppose -t + 12 = -0*t. Calculate the remainder when t is divided by w.
2
Let c(g) = -g. Let x be c(0). Suppose 2*y - 100 + 40 = x. Suppose -248*l = -261*l + 104. What is the remainder when y is divided by l?
6
Let x = 77 - 73. Let h(t) = t**3 - t**2 - 10*t + 5. Calculate the remainder when 61 is divided by h(x).
9
Let x be 6/9 + (-364)/(-12). Let r = x + 38. What is the remainder when r is divided by 35?
34
Suppose -24*h + 31*h = 616. Calculate the remainder when h is divided by 25.
13
Suppose 7*w + 62 = 146. What is the remainder when (-1 + 7)*(-44)/(-8) is divided by w?
9
Let j = 590 - 558. What is the remainder when j is divided by 11?
10
Suppose 4*p = -3*o + 6 - 19, -p + 11 = -4*o. Calculate the remainder when 63 is divided by (-33 - (0 - 1))*(o - -2).
31
Suppose 0 = -r + 3 + 7. What is the remainder when 4 - (59*-1 + 7 + -11) is divided by r?
7
Let o be ((-2544)/(-27) - 4/18)/2. Suppose 12*p - o = 13. Calculate the remainder when 13 is divided by p.
3
Let r = 655 + -609. What is the remainder when r is divided by 10?
6
What is the remainder when (-10*3/6 - -7)*37 is divided by 60?
14
Suppose 3*f = 4*v - 136, 2*v - 47 = -4*f + 21. Calculate the remainder when 62 is divided by v.
28
Suppose 63*j - 78 = 60*j. Calculate the remainder when j is divided by 12.
2
Let d = -364 + 521. Let z = d + -110. Calculate the remainder when z is divided by 17.
13
Let p = 40 + 43. Let d = -53 + p. What is the remainder when d is divided by 8?
6
Let t = 316 + -306. What is the remainder when t is divided by 8?
2
Let p(q) = -43*q**2 - 1. Let u be p(1). Let d be (253/u)/((-2)/8). Suppose -d - 11 = -t. What is the remainder when 67 is divided by t?
33
Let m(c) = -2*c - 4. Let q be m(-13). Suppose -100 = -6*a - q. What is the remainder when 63 is divided by a?
11
Suppose 4